ommon divisor of 30349 and 30437.
11
What is the greatest common divisor of 1879725 and 15179?
353
Calculate the highest common divisor of 71360 and 2232676.
892
What is the greatest common divisor of 25581975 and 105?
15
What is the highest common factor of 5194 and 892472406?
742
Calculate the highest common factor of 2345005 and 860.
215
What is the highest common divisor of 230745 and 4155?
15
What is the greatest common divisor of 1078903 and 1029?
7
Calculate the highest common factor of 29896011 and 1107.
369
Calculate the highest common divisor of 23506540 and 40.
20
What is the greatest common factor of 5589 and 416737?
23
What is the highest common divisor of 48264 and 2316?
12
What is the greatest common factor of 872 and 2122064?
8
Calculate the greatest common factor of 11 and 41447296.
11
What is the highest common factor of 2097 and 206312413?
233
Calculate the greatest common divisor of 48 and 134584.
8
Calculate the greatest common divisor of 101249 and 801443.
103
What is the greatest common divisor of 14515313 and 489?
163
What is the highest common divisor of 305535 and 975?
15
What is the greatest common factor of 135574 and 6704518?
2558
Calculate the greatest common factor of 297 and 2267089.
11
Calculate the greatest common factor of 288 and 1592307.
9
What is the greatest common factor of 90 and 9973430?
10
Calculate the greatest common divisor of 11024 and 92.
4
Calculate the greatest common divisor of 826 and 3419227.
413
What is the highest common factor of 49749 and 4916499?
2163
What is the highest common divisor of 1187730 and 1350?
270
Calculate the greatest common divisor of 7 and 2222227.
7
What is the highest common factor of 16188 and 320412?
12
Calculate the greatest common factor of 396 and 214107498.
198
What is the highest common divisor of 1454429 and 20512?
641
Calculate the greatest common divisor of 26989 and 39045.
137
What is the greatest common factor of 63251 and 10010303?
3329
What is the highest common factor of 1679 and 3646423?
73
Calculate the highest common factor of 2845065 and 45.
15
What is the highest common factor of 50499 and 510012?
279
What is the highest common factor of 34428438 and 990?
198
Calculate the highest common divisor of 9926 and 26883862.
1418
Calculate the highest common divisor of 65989 and 6886.
11
Calculate the highest common divisor of 328342 and 12690.
94
Calculate the greatest common divisor of 1872 and 251325.
9
Calculate the highest common factor of 198 and 120671199.
99
Calculate the highest common factor of 221564 and 413.
7
Calculate the highest common divisor of 6000 and 7984500.
1500
What is the greatest common divisor of 10624 and 3845141?
83
Calculate the highest common factor of 8429173 and 2385.
53
Calculate the greatest common factor of 14274 and 702.
234
Calculate the greatest common divisor of 3332361 and 87.
87
Calculate the highest common divisor of 526 and 129102.
2
Calculate the greatest common divisor of 756 and 112916538.
378
What is the highest common divisor of 847000 and 2940?
140
Calculate the highest common divisor of 1764 and 44236.
4
What is the highest common factor of 4787204 and 4?
4
What is the greatest common factor of 7328010 and 3915?
435
What is the greatest common factor of 5421403 and 9823?
893
Calculate the highest common divisor of 442761165 and 20790.
3465
Calculate the greatest common factor of 207030 and 5628.
402
What is the greatest common divisor of 7467 and 14048847?
57
Calculate the greatest common divisor of 9372960 and 176875.
1415
Calculate the highest common factor of 3200 and 167350.
50
What is the highest common factor of 26 and 40319864?
26
What is the greatest common divisor of 511753 and 12573?
11
Calculate the greatest common factor of 1022 and 1588979.
7
What is the highest common factor of 88 and 2505040?
8
Calculate the highest common factor of 756 and 6032768.
28
Calculate the highest common factor of 9 and 4353420.
3
What is the highest common divisor of 99694 and 42336?
14
Calculate the highest common factor of 5844960 and 2583.
369
What is the highest common divisor of 272 and 24415519?
17
What is the greatest common factor of 27140164 and 8?
4
Calculate the greatest common factor of 4608 and 79854912.
576
Calculate the highest common divisor of 2404935219 and 1101.
1101
What is the greatest common factor of 4480 and 18331740?
140
Calculate the highest common divisor of 112304 and 128544.
16
What is the greatest common divisor of 19 and 6581087?
19
Calculate the greatest common factor of 2302275 and 1650.
75
What is the highest common factor of 5664 and 8609988?
708
What is the greatest common divisor of 696798 and 72?
18
Calculate the highest common divisor of 15982 and 248758.
122
What is the greatest common divisor of 6751040 and 4335?
1445
What is the highest common divisor of 16672 and 900128?
32
What is the greatest common factor of 1116 and 13182012?
36
Calculate the greatest common divisor of 115980 and 41260.
20
What is the highest common divisor of 13245147 and 1368?
171
What is the highest common factor of 3462063 and 66?
33
What is the greatest common factor of 2118383 and 37733?
97
What is the highest common factor of 450 and 2793135?
15
What is the greatest common divisor of 300 and 32135275?
25
Calculate the highest common factor of 23452 and 271584.
164
What is the highest common factor of 79206 and 19264?
86
Calculate the greatest common factor of 5080 and 13312140.
2540
What is the highest common factor of 1301 and 65643256?
1301
Calculate the greatest common divisor of 106079112 and 108.
108
What is the greatest common factor of 94613256 and 438?
438
Calculate the highest common divisor of 168 and 10931848.
8
Calculate the highest common divisor of 2294 and 3284786.
74
Calculate the greatest common factor of 333441608 and 3702.
1234
Calculate the highest common divisor of 100 and 364337500.
100
Calculate the highest common factor of 327570624 and 576.
576
Calculate the greatest common factor of 151 and 117726244.
151
Calculate the greatest common divisor of 18305 and 3717490.
35
What is the highest common factor of 206864 and 5012?
28
What is the greatest common divisor of 539070550 and 2921?
2921
Calculate the highest common factor of 3751 and 672452.
341
What is the highest common factor of 14985 and 4695?
15
What is the greatest common factor of 154670 and 89730?
10
What is the greatest common factor of 947 and 86018851?
947
What is the highest common factor of 636 and 3596209?
53
What is the highest common divisor of 856 and 40528604?
428
What is the highest common factor of 1275923259 and 81?
81
What is the greatest common factor of 122 and 29184962?
122
Calculate the highest common divisor of 632 and 112644362.
158
Calculate the highest common divisor of 528 and 6244216.
88
What is the greatest common divisor of 299672808 and 1256?
1256
What is the highest common factor of 383214 and 312?
78
Calculate the greatest common divisor of 74 and 196605161.
37
What is the greatest common factor of 3236868 and 1118?
86
Calculate the greatest common divisor of 666 and 55681892.
74
Calculate the highest common factor of 1410 and 239200014.
282
What is the highest common factor of 16311 and 59457?
3
Calculate the greatest common divisor of 14 and 109677526.
14
Calculate the highest common divisor of 102912266 and 1082.
1082
What is the greatest common divisor of 10464097 and 686?
49
What is the highest common divisor of 223100 and 2330?
10
What is the highest common factor of 276959695 and 3175?
635
Calculate the highest common factor of 49910 and 91126.
322
What is the highest common factor of 10518768 and 18?
18
Calculate the greatest common factor of 114729 and 8517.
501
What is the highest common divisor of 106674 and 356353?
773
Calculate the greatest common factor of 3588 and 44750433.
897
Calculate the greatest common divisor of 8810489 and 1994.
997
Calculate the highest common divisor of 44818838 and 10126.
166
Calculate the highest common factor of 16395735 and 2193495.
8535
Calculate the greatest common divisor of 5075393 and 1789.
1789
What is the greatest common factor of 364 and 65476918?
26
What is the greatest common factor of 588 and 423034836?
588
What is the highe